 i(a) = -11*a - 6. Let r = -4547 - -4542. Give i(r).
49
Let g(h) = 7*h**3 - 33*h**2 - 46*h + 54. Let j(l) = 10*l**3 - 50*l**2 - 69*l + 81. Let i(b) = -7*g(b) + 5*j(b). Calculate i(20).
-33
Let s be 4/(-3) + (-7)/42*-26. Let o(g) = 5*g**s + 26*g - 1 - 82*g - 3*g**2 + 57*g. Determine o(2).
29
Suppose 108 = -978*d + 981*d. Let u(x) = 5*x**3 - 4*x**3 - 6*x**2 + d*x - 3*x**2 - 49*x - 2*x**2 + 11. Determine u(12).
-1
Suppose -3*l = 4*z - 47, 0*z + 2*z - 1 = l. Let v be 4 + 0/((0 - -1)*-1). Let j(d) = -10 - 2 - v + d**2 + l. What is j(0)?
-7
Let d(k) = -6*k - 1. Let l be d(1). Let o(z) = -21222 + 10613 + 10620 + z. What is o(l)?
4
Let r(m) be the first derivative of m**4/4 + 8*m**3 + 20*m**2 - 90*m - 4445. Determine r(-22).
-2
Let f(p) = -p**3 - 6*p**2 + 6*p + 12. Let h be (34/(-68))/((-7)/(-35)*10/28). Give f(h).
19
Let x(o) = o**2 - 4*o + 9*o + 4 - 12*o - 2*o**2. Let y = -33 + 27. Determine x(y).
10
Suppose 2*l = -4*s - 12, 4*s - 30*l = -29*l - 24. Let o(p) = 14*p + 28. What is o(s)?
-42
Let k = 1153/12 + -96. Let u(v) be the third derivative of 10*v**2 + 0*v - 2/3*v**3 + 0 + k*v**4. Give u(5).
6
Let z(g) be the first derivative of -g**4/4 + 5*g**3/3 - 7*g**2/2 + 35*g - 3209. Give z(5).
0
Let a be 4/(-2) + 0 - 1. Let c = -397 - -426. Let z(r) = c*r - 1 + r**2 - 59*r - 2 + 33*r. Calculate z(a).
-3
Let k be 3/7 + (-2250)/(-630). Suppose 5*o - 1 = -3*z, 5*z = 4*o + 16 - 2. Let t(d) = 0 + d**2 - 3 - z*d**2 - d + 2*d**2. What is t(k)?
9
Let n(h) be the second derivative of -h**5/60 + 3*h**4/8 - 3*h**3/2 - 49*h**2/2 - 85*h. Let r(u) be the first derivative of n(u). Calculate r(6).
9
Suppose -2*b = 5*x - 51, 3*x - 14 = -5*b + 9. Let j(t) = -t**2 + 13*t - 22. What is j(x)?
0
Suppose -18*r - 60 = -5*w - 20*r, 0 = -w - 5*r + 35. Let v(f) = -f. What is v(w)?
-10
Suppose -4*t + 3*t + 10 = 0. Let a be t/(-4)*(-1 - 42/30). Let h(k) = -k. Determine h(a).
-6
Suppose 0*x = -2*x. Suppose -r + 49 - 47 = x. Let i(d) = d - r + 1 + 1 - 3. Give i(-6).
-9
Suppose h - 23 = 5*h + 3*k, -22 = 5*h - 3*k. Let y(d) = 258 - 1057 + 268 - 3*d + 266 + 257. Give y(h).
7
Let b(q) be the first derivative of 31*q**2/2 - 70*q + 6182. Determine b(2).
-8
Let a(g) be the third derivative of 7*g**5/30 + 5*g**4/12 + g**3/2 + 435*g**2 + 3*g. Give a(-1).
7
Suppose -2*x + 8 = 6*x. Let s(b) be the third derivative of 0 + 0*b**4 + 11/60*b**5 + 5*b**2 - 1/6*b**3 + 0*b. Determine s(x).
10
Let q(d) = 25*d - 174. Let u(c) = -21*c + 145. Let y(z) = -5*q(z) - 6*u(z). Calculate y(-13).
-13
Let g(a) be the first derivative of a**2/2 - 2*a + 5. Let n be (-7)/((-168)/(-4266)) + (-6)/(-8). Let h = -182 - n. Determine g(h).
-7
Suppose t + 3*m = 5, -3*t - 2*t - 8 = 4*m. Let b be (-3 - t*1) + -13 + 13. Let x(r) = -r**2 + 1. Let z(o) = o**3 - 2. Let i(s) = -3*x(s) - z(s). Calculate i(b).
1
Let w(u) = u**3 - 17*u**2 - u + 23. Suppose 7*b - 2*b + 2080 = 0. Let c = 433 + b. Determine w(c).
6
Let t(w) = -150 - 145 - 158 + 432 - w. Suppose 3*q + 14 = 5*r - 7, -3*r - 9 = 0. Calculate t(q).
-9
Let k(s) = 26*s - 4. Let i be k(4). Let y(a) = 0*a**3 - 101*a - 1 + a**3 + i*a. Suppose -13*l = 6 - 32. Determine y(l).
5
Let o(s) = -3*s - 17. Suppose -2*k - p = -398 + 390, 0 = 3*k + 5*p - 19. Give o(k).
-26
Let p(d) = d**2 + 2*d + 1. Suppose -s + 35 = 4*u - 0*u, u = 5*s - 112. Suppose -3*c - 18 = k, -3*k - 21 = -5*c - s. Determine p(k).
25
Let f(u) = -u**3 - 38*u**2 + 3*u + 105. Let h be f(-38). Let w(t) = t**2 + 5*t - 12. What is w(h)?
24
Let z = -19883 - -19898. Let b(o) = o**3 - 14*o**2 - 8*o + 1. Determine b(z).
106
Suppose -5 - 11 = -4*g. Suppose -2*w = 5*u - 80, -g*w - u + 142 = -0*w. Let c(a) = -14 - 70*a + 34*a + w*a. What is c(0)?
-14
Let u be -5*1 + (7 - -65)/9. Suppose -3*p = 2*k + 17, -2*p = p - u*k + 12. Let b(a) = 3*a. Calculate b(p).
-15
Let s be 4 + -1 - 40/(-40). Let d(l) be the third derivative of 14*l**2 + 1/60*l**5 + 0 + 0*l + 7/24*l**s - 1/3*l**3. Determine d(-8).
6
Suppose -p - 16 - 31 = 0. Let d = -49 - p. Let n(g) = 7*g + 6. Let q be n(d). Let s(a) = a**3 + 7*a**2 - 6*a + 6. Calculate s(q).
-10
Let m(r) = -5*r**2 + r - 1. Let n be ((-5)/(-55))/((-51)/(-561)). Determine m(n).
-5
Let d(j) = 15*j**2 + 8*j + 30. Let k(l) = -13*l**2 - 7*l - 25. Let r(n) = 5*d(n) + 6*k(n). Let v(x) = -x + 2. Let c = 1 - -4. Let q be v(c). What is r(q)?
-21
Let q be ((-2)/(-4))/(-11 + (-261)/(-24)). Let n(p) = -2*p**3 - 8*p**2 - 3*p - 4. Determine n(q).
8
Let u(n) = -n**2 - 39*n - 142. Suppose 4*c + 4*y + 148 = 0, 5*y + 80 = 112*c - 114*c. Determine u(c).
-2
Let c be -5 - ((-16)/(-4) - 10). Let h(s) = 6*s + 21. Let g(b) = -5*b - 1. Let p(n) = c*h(n) + g(n). Determine p(-9).
11
Let s(q) = -14*q - 28. Let g = 2230 + -2237. What is s(g)?
70
Let d(p) = 10*p**3 + 142*p**2 + 10*p - 145. Let i(n) = n**3 + 15*n**2 + n - 16. Let y(f) = -2*d(f) + 19*i(f). Suppose 14*o - 18*o = 0. Give y(o).
-14
Let t(c) = c**2 + 3*c - 19. Let a be (9/(-2))/(129/(-172)). Let h(d) = d**2 + 3*d - 17. Let u(x) = a*t(x) - 7*h(x). Give u(-6).
-13
Let m(l) = -6*l + 7. Suppose 9*h + 25 = 538. Let k(y) = -65 + h + 0*y + 6*y. Let j(p) = 6*k(p) + 7*m(p). Give j(1).
-5
Let g(b) = b**2 + 61. Let j be 2 + -3 + (6 - 19) + 2 + 12. What is g(j)?
61
Let d(j) be the second derivative of j**5/20 + j**4/3 + 10*j - 1. Let a(v) = -v + 5*v**2 - 4 + 5 - 4*v**2 + 6*v. Let t be a(-4). Give d(t).
9
Let m(q) = 6*q**3 + 2*q**2 - 3*q + 1. Suppose -335*s = 94*s - 429. Determine m(s).
6
Let h(b) = 22*b - 59 - 31 + 1 - 1 - 5. Calculate h(5).
15
Let m(s) = -6*s - 80. Let b be m(-14). Let h(c) = -1100*c + 7 + b + 1101*c. Give h(-6).
5
Let g(l) be the first derivative of 4*l - 5/3*l**3 + 3/2*l**2 + 54 - 1/4*l**4. Determine g(-5).
-11
Let c be (-144)/80*((-40)/(-100) - 106/15). Let w(u) = u**3 - 13*u**2 + 14*u - 19. Give w(c).
5
Let v(u) be the second derivative of u**5/120 - u**4/8 + 8*u**3 - 2*u + 7. Let r(m) be the second derivative of v(m). Calculate r(9).
6
Let a(q) = -9*q**2 + 5*q**3 - 11*q - 3 - 3*q**3 - 3*q**3 - 6 + 6. Calculate a(-5).
-48
Let t(k) = -133*k - 468. Let x(y) = 33*y + 104. Let r(u) = 2*t(u) + 9*x(u). What is r(1)?
31
Let u(z) be the second derivative of -5*z**3/6 - 3*z**2/2 + 2*z. Let v(n) = -2*n**2 + 7*n - 3. Let j be v(0). What is u(j)?
12
Let h = 4504 - 4520. Let b(p) = -p**2 - 17*p - 6. Calculate b(h).
10
Let i(o) = -o**3 + 257 - 5*o**2 + 2*o**2 - o + 4*o**2 - 256 + 0*o**2. Let b(r) = -5*r**3 + 8*r**2 - 8*r + 2. Let y(w) = b(w) - 4*i(w). What is y(4)?
-18
Let x(m) = 25*m**3 - 14 + 94*m**3 + 8*m**2 - 6*m - 120*m**3. Determine x(7).
-7
Let p(k) = k - 11. Suppose 89*s = 80*s + 153. Let o = s - 5. Determine p(o).
1
Let z(a) be the second derivative of -a**3/6 - 7*a**2/2 - 2418*a - 5. Let n(f) = -4*f. Let p be n(-1). Let r be 25/p + (-2)/8. Give z(r).
-13
Suppose 927 = -47*a + 150*a. Let j(l) = 2*l - 3*l + 0 + 2*l - 8. Give j(a).
1
Let m(p) = 30*p + 225. Let l(s) = -6*s - 4. Let b(r) = 7*l(r) + m(r). Determine b(17).
-7
Let a(c) be the first derivative of -c**3 - 15*c**2 - 71*c - 1838. Give a(-5).
4
Let g(z) = z - 4. Let n(m) = 3. Let w(l) = 2. Let f(o) = 3*n(o) - 5*w(o). Let r(u) = 3*f(u) - g(u). Calculate r(4).
-3
Let m be (-11)/(-2) + 1/(-2). Let t(a) be the second derivative of a**3/6 - 9*a**2/2 - 6456*a. Calculate t(m).
-4
Let k(w) = 11*w + 1650 - 3299 + 1642. Give k(-6).
-73
Let z(k) = -16*k - 2. Let r(f) = -29*f - 8. Let v(m) = -6*r(m) + 11*z(m). Give v(13).
0
Let u(o) = o**2 + 6*o - 10. Let d(w) = 4*w - 55. Let x be d(22). Suppose 10*s + 37 + x = 0. Let c be u(s). Let t(k) = k**3 + k**2 - 3*k + 3. Give t(c).
-6
Let n = -4 + 5. Let b = n - -4. Let d(p) = -1954 + 1329 + 630 + p. What is d(b)?
10
Let m(t) = 2*t**2 + 3*t - 20. Let i be m(3). Suppose 26 = 2*j - 5*u, 2*j + u = i*j - 42. Let s(z) = 0*z - 6 - 7*z + z**2 - z**2 + z**2. Give s(j).
2
Let y(n) = -n**3 + 17 - 5*n - 9*n - 28*n - 3*n**2 - 10*n + 53*n. Give y(-4).
29
Let u(k) = -2*k**2 + 6*k + 1. Suppose -140*m - 279 = -839. Determine u(m).
-7
Let m(r) = 7*r - 468 - 8*r + 11*r + 235 + 221. Give m(7).
58
Suppose 4*m - 80 = -2*c - 0*m, 3*c - 128 = -2*m. Let j = c + -42. Let d(s) = 3*s**2 + 1 - 6*s**j + 0*s**2 - 8*s**2. Give d(1).
-10
Suppose 0 = -17*t + 2*t + 45. Let q(w) = -2*w - t*w - 8*w + 17 + 842*w**3 - 843*w**3 - 15*w**2. Calculate q(-14).
3
Let u be ((-4)/(-1))/((-2)/3). Let k(l) be the second derivat